Let w(m) = m - 6. Let d = 0 - -4. Suppose 36 = -0*a + d*a. What are the prime factors of w(a)?
3
Suppose 4*f - i - 49 = 0, 0 = -f + i - 1 + 11. What are the prime factors of f?
13
Let g = 5 - 7. Let f be 1/g*2*5. List the prime factors of (-8)/10*f/2.
2
Let l be 177/5 + (-4)/10. Suppose 0 = 4*r + 16, -4*v + 17 = 3*r - 95. Suppose -2*n + 5*h + 16 = -v, -2*n + h + l = 0. What are the prime factors of n?
2
Let b be (2 - (2 - 15)) + 0. Let v = 3 - 1. Suppose v = -p + b. List the prime factors of p.
13
Let k(a) = -2*a**3 - 2*a**2 + 6*a + 5. Let n be (-2)/15 - (-129)/(-45). List the prime factors of k(n).
23
Suppose 2*n = -2*s - 42 + 278, n - 106 = 3*s. What are the prime factors of n?
5, 23
Let y(u) = -u**2 + 6*u + 3. Let o be y(5). Suppose -2*s - o = -30. What are the prime factors of s?
11
Let j be ((-20)/3)/((-1)/3). Suppose 2*z - 15 = -l, -3*l + j = 4*z - 3*z. Suppose -5*k + z*i + 23 = 3*i, -5*k - 4*i = -29. List the prime factors of k.
5
Suppose 4*c - 2*c + 8 = 0. Let f(l) = -l**3 - 3*l**2 + 4*l + 2. Let u be f(c). Suppose 0 = u*g - 8 - 10. List the prime factors of g.
3
Let i = -4 + 16. List the prime factors of i.
2, 3
Let d = -26 + 120. What are the prime factors of d?
2, 47
Suppose -4*r - 4*b = -164, -4*r - 2*b + 217 = r. What are the prime factors of r?
3, 5
Let w(a) = a**3 - 3*a**2 + 4*a - 3. Let d be w(4). Let m = 5 + d. List the prime factors of m.
2, 17
Let i(f) be the third derivative of 5*f**4/24 + 2*f**3/3 - f**2. Suppose -6*y + 7*y = 3. List the prime factors of i(y).
19
Let v(p) = -25*p**3 + p. Let n be v(1). List the prime factors of n/(-2 + 0) + 1.
13
Suppose 5*a - 2*g + g = 193, -3*a = 4*g - 125. List the prime factors of a.
3, 13
Let b(g) = 4*g**2 + 6. Let z be b(5). Let j = -150 + z. List the prime factors of (2/(-4))/(2/j).
11
Suppose -u + 140 = 5*p + 13, 5*p = 2*u + 121. What are the prime factors of p?
5
Let p be 36/(-10)*(-10)/2. Suppose -p = -i + 2*r - 0, -2*r + 30 = 5*i. List the prime factors of i.
2
Suppose 3*j + 6 = 4*j. Suppose j*i = i + 25. Suppose m + 0*m - 26 = i*q, 2*m = 3*q + 31. List the prime factors of m.
11
Let s = -3 - -3. Suppose s*c - 5*c = 50. What are the prime factors of (-5)/(10/4) - c?
2
Let t = 11 + -1. Suppose 5*u + 2*q + 69 + 45 = 0, 4*q - 84 = 3*u. List the prime factors of u/15*t/(-2).
2
Let x = -29 - -40. Let m = 31 - x. List the prime factors of m.
2, 5
List the prime factors of (-84)/(-48)*(62 + -2).
3, 5, 7
Let m(x) = 13*x**3 - 31*x**2 + 11*x - 18. Let c(u) = 7*u**3 - 16*u**2 + 6*u - 9. Let g(s) = 11*c(s) - 6*m(s). List the prime factors of g(10).
3
Suppose 3 = 3*p - 3. Let c(w) = -w - 2. Let n be c(-4). Suppose -p*m = n - 8. What are the prime factors of m?
3
Suppose -v + s + 4*s = -15, -3*s = -3*v + 9. Let z be 15 - v/(1 - 3). List the prime factors of (70/z)/((-2)/(-3)).
7
Suppose -4*p + 22 = -5*y - 136, 0 = 3*p + 5*y - 101. What are the prime factors of p?
37
List the prime factors of ((-38)/5)/(2/(-5)).
19
Suppose 5*o - 10 = 4*d, -2*o - 4*d = -7*d - 4. Suppose -4*t - 5*c + 36 = 0, 3*c - 8 = -2*t - o*c. What are the prime factors of t?
2, 7
Suppose 0*z + 195 = 3*z. Suppose -z = -4*v + 19. Suppose 3*k - i = 2*i + v, -5*i = 2*k - 7. What are the prime factors of k?
2, 3
Let n be (30/25)/((-3)/10). Let b = n - -11. List the prime factors of b.
7
Let s = -126 - -179. Let v = -35 + s. Suppose v = 5*m - 12. What are the prime factors of m?
2, 3
Suppose v - 3*s + 4 + 2 = 0, 0 = 4*v - 4*s + 8. Let l(n) = n - 6. Let m be l(v). Let r(t) = -3*t - 7. List the prime factors of r(m).
11
Suppose 2*q - 13 - 15 = 0. Suppose q = 2*k - 0*k. Let v(z) = -z**2 + 9*z - 7. List the prime factors of v(k).
7
Suppose 764 = 8*o - 4*o. What are the prime factors of o?
191
Let t(o) = -o**3 - 7*o**2 - 6*o + 5. Let s be t(-6). Let u(w) be the third derivative of -w**5/60 + 5*w**4/24 + 5*w**3/6 + w**2. List the prime factors of u(s).
5
Suppose 6 = 4*a + 2. Suppose 10 = 3*r + a. List the prime factors of r.
3
Let l be ((-2 - -2)/3)/(-1). Suppose -k - 3*x + 2 + 3 = l, 5*k - 65 = -5*x. List the prime factors of k.
17
Let w(v) = -1. Let k(u) = 5*u + 3. Let o(c) = -k(c) - 2*w(c). Let d be o(-2). Suppose -2*g - 5*l + d + 20 = 0, -3*g + 39 = 3*l. List the prime factors of g.
2, 3
Let b be 1/(-3)*15/(-1). Suppose -b*n + j = -0*j - 353, -277 = -4*n - j. Suppose -4*f + 0*f = -3*t + 14, 0 = -5*t - 5*f + n. What are the prime factors of t?
2, 5
Suppose 953 = h - 4*p + 225, 0 = -3*h + p + 2129. Let b be 6/8 + h/16. Let a = -29 + b. What are the prime factors of a?
2
Suppose 2*v + 4 = -i - 13, 3*i - 3*v = -87. Let q(y) = y**2 + 2*y. Let k be q(5). Let t = i + k. List the prime factors of t.
2, 5
Let q(y) = -y**3 + y**2 + 3*y + 2. Let p be q(-2). Suppose 5*b - 5*j - 10 = 0, -j - 3*j = 2*b - 10. What are the prime factors of (p/3)/(b/9)?
2
Let n(x) = x**3 + 4*x**2 - 3*x + 3. Let m be n(-5). Let h = m + -1. List the prime factors of -1 - 3/(6/h).
3
List the prime factors of (-3*(-332)/48)/(1/4).
83
Suppose -4*a = -19 - 1. Suppose a*c - 6 = 3*s, -24 = -3*s - 4*c - 3. List the prime factors of s.
3
Suppose -5*j + w = -w + 14, -4*j - 4 = 2*w. Let u = 1 + -6. What are the prime factors of (j/u)/(1/30)?
2, 3
Let u = -31 + 51. Suppose 0 = -4*v + 3*v + u. What are the prime factors of v?
2, 5
Suppose 1 = 2*m + 3. Let y be (-2)/(-1) - (-1 - m). Suppose -n - 4*n = -f - 13, -y*f - 5*n + 19 = 0. What are the prime factors of f?
2
Let z(a) = -a**2 + a + 5. Let u be z(5). Let l = u + 21. Let b = 2 + l. What are the prime factors of b?
2
Let j be (-6)/(-10) - (-164)/10. Suppose -23 = -5*n + j. Suppose 5*s + n = 4*d, -s + 5*s + 10 = 5*d. List the prime factors of d.
2
Let w be -2 - 0 - (-6 - 21). Let u = 48 - w. List the prime factors of u.
23
Let h(g) = g + 11. Suppose 0 = 2*t - 0*t + b + 16, 0 = -4*t + 4*b - 32. Let n be h(t). Suppose -n*x - 2*x = -15. List the prime factors of x.
3
Let z(u) = -u**2 + 4*u - 3. Let q be z(2). Suppose 4 = l + q. What are the prime factors of (-1)/l + (-16)/(-3)?
5
What are the prime factors of ((-4)/(-8) + 3)/((-2)/(-12))?
3, 7
Let x(o) = -11*o - 2. Suppose -6 = 5*z + 4. What are the prime factors of x(z)?
2, 5
Let v be 3 + 0 + -2 + -1. Let j be 0 + (v - 1) - 28. Let s = -18 - j. What are the prime factors of s?
11
Suppose 235 = 3*a - j, 2*j + 129 = 2*a - 29. List the prime factors of a.
2, 3, 13
Let s be 8 - -1*(2 - 5). Let g = s - -17. What are the prime factors of g?
2, 11
Let z(s) be the third derivative of -s**6/120 + 11*s**5/60 - 11*s**4/24 + 2*s**3 + 2*s**2. Suppose 2*o + 50 = 7*o. What are the prime factors of z(o)?
2
List the prime factors of (-722)/(-8) - (-9)/12.
7, 13
Let a(i) be the second derivative of i - 1/3*i**3 - 3/2*i**2 + 0. What are the prime factors of a(-7)?
11
Let r = 3 + 1. Let t be 0/(0 - 2) + r. Suppose f - t*f = -18. What are the prime factors of f?
2, 3
Suppose u = -53 - 35. What are the prime factors of (-1)/((-4)/u*-1)?
2, 11
Let x(i) = -i**3 - 3*i**2 + 4*i + 3. Let m(h) = -h + 3. Let c be m(7). Let z be x(c). Suppose 0 = z*s + 3 - 27. List the prime factors of s.
2
Let f(p) = 30*p**3 - p**2 + 1. Let w be f(1). Suppose -2*h + w = h. List the prime factors of h.
2, 5
Suppose -4*k = 2*v - 338, 2*k = 5*k - 2*v - 250. What are the prime factors of k?
2, 3, 7
Let p(x) = x - 9. Let m be p(7). Let v = 4 + m. Suppose -3 - 3 = -v*f. List the prime factors of f.
3
Let q = 1 + 0. Suppose -5*f + t + 6 = 2*t, -3*f + 2*t + 14 = 0. List the prime factors of q/((4/18)/f).
3
Suppose 4*b = 0, 4*y = -4*b - 2 + 70. Suppose 0*g - 4*g - 3*w = 63, -35 = 5*g - 5*w. Let m = y + g. What are the prime factors of m?
5
List the prime factors of (-45)/10*80/(-6).
2, 3, 5
Suppose -2*s = 3*s - 20. Suppose -9 = -2*a + d + 53, -2*d - s = 0. Suppose 72 = 5*l - 4*o, 3*l = -0*o - 2*o + a. What are the prime factors of l?
2, 3
Suppose -5*h = 5*n - 125, 6*n - 105 = 2*n - 5*h. What are the prime factors of n?
2, 5
Let y(b) = b**3 - 2*b**2 + 7*b - 6. What are the prime factors of y(4)?
2, 3
Suppose -5 = -3*h + 4. Suppose h*q + 0*q + 12 = 0. What are the prime factors of (-10)/q*(-4)/(-5)?
2
Let g = -41 - -82. Let a = -22 + g. What are the prime factors of a?
19
Let a(w) = -w. Let r be a(-4). Suppose -4*b + 0*b = -8. Suppose 0*x - 30 = -3*x - b*n, 0 = r*x - 2*n - 54. List the prime factors of x.
2, 3
Let q = 23 - -148. Wh